401?
2222414340
In base 6, what is 203134130 + 2?
203134132
In base 13, what is -34b9 + -4758?
-7c44
In base 9, what is -21 - -463170?
463148
In base 10, what is -176 + 1537351?
1537175
In base 7, what is 3 + 121544351?
121544354
In base 9, what is 563 - -5257?
5831
In base 5, what is -1311 - 314444221?
-320001032
In base 4, what is 20311113300 + 3?
20311113303
In base 12, what is -a10 - -867a?
786a
In base 7, what is -3226051 + 3313?
-3222435
In base 3, what is 202 - -121220200120221?
121220200121200
In base 14, what is 2 + 84a5080?
84a5082
In base 9, what is 248180 - 1163?
247016
In base 15, what is -69a034c + -4?
-69a0351
In base 8, what is -1734563 + 405?
-1734156
In base 2, what is 11 + 1011111100101101101011?
1011111100101101101110
In base 8, what is -2335 + 1147157?
1144622
In base 5, what is 24001 - 10242441?
-10213440
In base 2, what is -1011001100101 + 111100111111100?
110001110010111
In base 4, what is 103102 + 1020222?
1123330
In base 5, what is -204112233 + 120?
-204112113
In base 16, what is 11ae93 - 119?
11ad7a
In base 11, what is -545996918 - -4?
-545996914
In base 14, what is 10031b + -17?
100304
In base 7, what is 112013103 + 2?
112013105
In base 7, what is 132314 - 10440?
121544
In base 11, what is -175 - 114217?
-114391
In base 16, what is 31d4d49 - 5?
31d4d44
In base 13, what is 19961247 - 0?
19961247
In base 9, what is -20855 + 506?
-20348
In base 12, what is -15550 - 535?
-15a85
In base 14, what is 2 - -487c468?
487c46a
In base 10, what is -9298 + 75?
-9223
In base 10, what is -19106013 + 6?
-19106007
In base 5, what is 110 - 1231024?
-1230414
In base 2, what is -10000001010000011001110 - 11?
-10000001010000011010001
In base 16, what is 55 + 12577?
125cc
In base 13, what is 614352 + 91?
614413
In base 14, what is -27 + 2816a10?
28169c7
In base 16, what is 44 + -11881c?
-1187d8
In base 4, what is -22321022 - -3212?
-22311210
In base 12, what is -828441a + -2?
-8284420
In base 16, what is -f75415 + -10?
-f75425
In base 15, what is 3daca - -15?
3dae0
In base 7, what is -104 - 2653222?
-2653326
In base 2, what is 11110101000 + -1011101100110?
-111110111110
In base 6, what is 32311435122 - 4?
32311435114
In base 12, what is 5a21a4 - 208?
5a1b98
In base 15, what is 1c7b7 - -11b?
1c8d3
In base 11, what is -49 - -2046941?
20468a3
In base 16, what is -f513 + -7b2?
-fcc5
In base 10, what is -214827 + 36?
-214791
In base 15, what is -810 - 1d6a?
-267a
In base 11, what is -3 + 320267a?
3202677
In base 13, what is 1 - -581038?
581039
In base 7, what is -466 + -10134116?
-10134615
In base 12, what is 4 - 1366578?
-1366574
In base 9, what is -3 - 222367?
-222371
In base 10, what is -36209472 - -3?
-36209469
In base 6, what is 24 + 215551420?
215551444
In base 8, what is 1674203773 + -2?
1674203771
In base 5, what is 10 - -1012020441?
1012021001
In base 7, what is -1 + -6336516226?
-6336516230
In base 6, what is 225 - 512101?
-511432
In base 9, what is -115 - 1182085?
-1182211
In base 6, what is -141144 - 3311?
-144455
In base 12, what is -50b1626 + 7?
-50b161b
In base 4, what is 0 + 2103030003133?
2103030003133
In base 3, what is -1022221110200 + -1100201?
-1022222211101
In base 13, what is 3cab - 60cc?
-2121
In base 6, what is -121321340033 - 2?
-121321340035
In base 9, what is -77207280 - -2?
-77207277
In base 12, what is 183 + -539b0?
-53829
In base 12, what is 28134 - -257?
2838b
In base 3, what is -20221 - -11002221202?
11002200211
In base 11, what is -66 - -5854616?
5854560
In base 5, what is 3230 - 244001?
-240221
In base 12, what is 633b + 23a32?
2a171
In base 13, what is 7982 - -2562?
a214
In base 5, what is -134002 + -301224?
-440231
In base 8, what is 6317 - -6744?
15263
In base 12, what is 11345a79 + -18?
11345a61
In base 15, what is -15b2438 + -e?
-15b2447
In base 15, what is 1c0 + -4d034?
-4cd64
In base 4, what is 12303212031110 + 11?
12303212031121
In base 15, what is -26be2 - 16?
-26c08
In base 11, what is 27 - 252636?
-25260a
In base 11, what is -819614 + -102?
-819716
In base 14, what is 174d + 2520?
3c6d
In base 6, what is 121 + -4051023?
-4050502
In base 11, what is -148058 - -23?
-148035
In base 6, what is 2342 + -411122?
-404340
In base 2, what is -1101001101010101100101 - -10111?
-1101001101010101001110
In base 12, what is 360514 + 13?
360527
In base 9, what is -2083 + 1714?
-268
In base 5, what is -2224 + -201300311?
-201303040
In base 4, what is -231233 + -20020301?
-20312200
In base 5, what is -114030211 + 2031?
-114023130
In base 9, what is -2 - 1870523?
-1870525
In base 10, what is -6 - -7419567?
7419561
In base 5, what is -11140401103 - 21?
-11140401124
In base 10, what is 290 + -217405?
-217115
In base 4, what is -23132000220 - -2212?
-23131332002
In base 7, what is 24501516 + 4?
24501523
In base 14, what is -c - -17c3d82?
17c3d74
In base 7, what is -3 - -2401545250?
2401545244
In base 16, what is -fe81f + b?
-fe814
In base 6, what is -33112111 + -4?
-33112115
In base 5, what is 101202131213 + -2?
101202131211
In base 7, what is -244 - 360604?
-361151
In base 14, what is 7b8735 + -1a?
7b8719
In base 7, what is -1446010044 - 5?
-1446010052
In base 6, what is -43545 + -455?
-44444
In base 13, what is -212321 - 1c0?
-212511
In base 10, what is -124 - 79826?
-79950
In base 14, what is ccd7 - -dcb?
dcc4
In base 12, what is -4 + 50ba1b?
50ba17
In base 12, what is -142 - a82b?
-a971
In base 11, what is -245 - 390aa?
-39344
In base 5, what is -30410402 + 10?
-30410342
In base 2, what is 10 + 110011010100011010000000000?
110011010100011010000000010
In base 7, what is 5 + 306625565?
306625603
In base 2, what is -1001001001010111 - 1010001111001?
-1010011011010000
In base 10, what is 9452621 + 1?
9452622
In base 7, what is 14 + 112004156?
112004203
In base 10, what is 2 + -5663330?
-5663328
In base 2, what is 10001001100 + -111010111000?
-101001101100
In base 15, what is -1378551 - -15?
-137853b
In base 5, what is -44302001142 + 10?
-44302001132
In base 13, what is 7 + 8ba395?
8ba39c
In base 13, what is -4 - -2373974?
2373970
In base 13, what is -13943463 + -2?
-13943465
In base 6, what is -115 + -1212151?
-1212310
In base 14, what is 30 + 1811c?
1814c
In base 13, what is -36550b - 8?
-365516
In base 10, what is -318 + -102654?
-102972
In base 7, what is 1406563 - 164?
1406366
In base 12, what is -33a0244 - -3?
-33a0241
In base 2, what is 10011111010101100000010100 + 1?
10011111010101100000010101
In base 3, what is -12 - -111210111220112122?
111210111220112110
In base 9, what is 1581 + 115?
1706
In base 3, what is 112012020111001 - -2?
112012020111010
In base 15, what is -7ce5 - -1d35?
-5eb0
In base 11, what is -319006753 - 3?
-319006756
In base 2, what is 100000100100000010111001101 - 1100?
100000100100000010111000001
In base 13, what is 2c7 - -365958?
365c52
In base 13, what is 8 - -129c5?
12a00
In base 12, what is 2 - 4367636?
-4367634
In base 14, what is -1d7a467 + 4?
-1d7a463
In base 9, what is 13485448 + -3?
13485445
In base 11, what is -5 + 4879344?
487933a
In base 16, what is 100deb - 9c?
100d4f
In base 16, what is -c5ec + 16b?
-c481
In base 3, what is 11200022200101 + 10?
11200022200111
In base 12, what is 10b + 305a2?
306b1
In base 16, what is 17af9 - -76?
17b6f
In base 6, what is 22402320 + -1413?
22400503
In base 6, what is -11533 + 331423?
315450
In base 9, what is -26 + 2708652?
2708625
In base 5, what is 1203132 + -30011?
1123121
In base 9, what is -7 + 3351672?
3351664
In base 2, what is 0 + -1001110111001011101100101?
-1001110111001011101100101
In base 5, what is -24014 - -10212?
-13302
In base 9, what is 2486368 - 273?
2486085
In base 4, what is -2301122222212 + -1?
-2301122222213
In base 2, what is -1001011100001110 - 100010001010100?
-1101101101100010
In base 3, what is -102 + 211000002000?
211000001121
In base 15, what is 474bb57 - -e?
474bb66
In base 9, what is 306474 - 65?
306408
In base 4, what is 12100301332 + -100?
12100301232
In base 15, what is -6 - 20ac543?
-20ac549
In base 4, what is -22 + 1311131033?
1311131011
In base 10, what is 0 + 2538459?
2538459
In base 15, what is -e + eea6e8?
eea6d9
In base 13, what is -22 - -12a3229?
12a3207
In base 15, what is 63135c - 11?
63134b
In base 11, what is -540a229 + 2?
-540a227
In base 14, what is -8 - -4c05bb5?
4c05bab
In base 14, what is -2c5